 what is -13 - -441?
423
In base 2, what is -100100010 - -1000?
-100011010
In base 13, what is 17 - 0?
17
In base 7, what is 450 + -5?
442
In base 15, what is -1 + 8b3?
8b2
In base 14, what is 3 + 23?
26
In base 5, what is 3444 - 121?
3323
In base 11, what is 103 + -1?
102
In base 13, what is -15 + 3?
-12
In base 7, what is -1 - -10?
6
In base 10, what is -3664 - -3?
-3661
In base 11, what is 0 - 2?
-2
In base 16, what is -55 - 4?
-59
In base 2, what is -111 + 100100110?
100011111
In base 7, what is 13564 + 2?
13566
In base 15, what is 1126 + -1?
1125
In base 3, what is 11 + 201002?
201020
In base 6, what is 0 + -2034?
-2034
In base 16, what is 1c - -b?
27
In base 15, what is 3 - 5c0?
-5bc
In base 5, what is -33 - 1302?
-1340
In base 5, what is -22012 + -2?
-22014
In base 2, what is -10010000 - 0?
-10010000
In base 10, what is -110 - 2?
-112
In base 9, what is -3 - 3311?
-3314
In base 11, what is -362 + 1?
-361
In base 12, what is -4 - -a26?
a22
In base 13, what is -3 + 782?
77c
In base 16, what is -5 + 3e?
39
In base 2, what is -10111001001 + 0?
-10111001001
In base 14, what is 1 + -1b8?
-1b7
In base 8, what is -622 + -52?
-674
In base 3, what is 2 - -1100212?
1100221
In base 12, what is -17 + -1?
-18
In base 3, what is 12 + -12222?
-12210
In base 11, what is -10 + 70?
60
In base 8, what is -162 - 5?
-167
In base 14, what is 5c + -1?
5b
In base 9, what is -5 - 1288?
-1304
In base 3, what is 1011 - -12?
1100
In base 9, what is -2 + -540?
-542
In base 6, what is -530 + 2?
-524
In base 6, what is -42 - -151?
105
In base 3, what is 102 - -100122?
101001
In base 6, what is 142 + 22?
204
In base 4, what is 1 - 10100?
-10033
In base 15, what is -12 - -bc?
aa
In base 4, what is 1232 - -3?
1301
In base 11, what is 831 - 5?
827
In base 6, what is 4 + -312?
-304
In base 10, what is 5 + 213?
218
In base 7, what is -16524 - -3?
-16521
In base 15, what is 0 + 2c?
2c
In base 16, what is 5 - -233?
238
In base 6, what is -10 + 402?
352
In base 15, what is -27 + -19?
-41
In base 13, what is 5 - -29?
31
In base 5, what is 100 - 2?
43
In base 9, what is -4 + 1464?
1460
In base 7, what is 4441 + 4?
4445
In base 13, what is -1 - 56?
-57
In base 2, what is 1010111 - 1?
1010110
In base 13, what is 5b + -4?
57
In base 10, what is 0 + 323?
323
In base 13, what is 271 + -1?
270
In base 3, what is 1 - -221?
222
In base 5, what is 2 + -30144?
-30142
In base 7, what is 0 - 265?
-265
In base 3, what is 1121201 + 0?
1121201
In base 10, what is 2 - -4317?
4319
In base 10, what is 517 - 6?
511
In base 3, what is 1011021 + 22?
1011120
In base 12, what is -25 + 17?
-a
In base 16, what is 2 + 6?
8
In base 16, what is -24ff - -4?
-24fb
In base 6, what is 21 - -13534?
13555
In base 15, what is -1c + 40?
23
In base 12, what is 11 + -23?
-12
In base 6, what is -3 - 21141?
-21144
In base 5, what is -30031 - -4?
-30022
In base 14, what is 3 - 30?
-2b
In base 12, what is -b - -33?
24
In base 14, what is -16 - -28?
12
In base 3, what is 2 - -11?
20
In base 15, what is 49 - -42?
8b
In base 14, what is -3 - 131?
-134
In base 11, what is 269 - -4?
272
In base 14, what is 48 - 1?
47
In base 2, what is -1010101 - -111?
-1001110
In base 15, what is b - -73?
7e
In base 11, what is -96 + -4?
-9a
In base 10, what is -470 - 28?
-498
In base 3, what is -1001 + 100?
-201
In base 8, what is 1 + -13256?
-13255
In base 3, what is 1000 - 2?
221
In base 11, what is 132 + 55?
187
In base 10, what is -5 + 214?
209
In base 16, what is d - -128?
135
In base 9, what is -65 + 0?
-65
In base 3, what is -12201 + -11?
-12212
In base 3, what is 112 + 2011?
2200
In base 10, what is 46 + 5?
51
In base 12, what is 127 - -2?
129
In base 4, what is 10 - 2221?
-2211
In base 2, what is 1011 - -10010000101?
10010010000
In base 13, what is -11a + 0?
-11a
In base 16, what is 64 + -3?
61
In base 16, what is -5 + c0?
bb
In base 2, what is -1001 + 0?
-1001
In base 16, what is -3a - -33?
-7
In base 14, what is -10 - -b?
-3
In base 15, what is -1db - 1?
-1dc
In base 7, what is 204 - -1?
205
In base 12, what is 18 - -8?
24
In base 12, what is -207 + -4?
-20b
In base 14, what is 3 - 99?
-96
In base 6, what is -10 - 141?
-151
In base 14, what is -4 + 163c?
1638
In base 9, what is -3 + -168?
-172
In base 14, what is 4 + -22?
-1c
In base 5, what is 3 - 24?
-21
In base 4, what is 3313 + 11?
3330
In base 3, what is 0 - -11111?
11111
In base 16, what is df6 + -1?
df5
In base 7, what is 3 + 0?
3
In base 5, what is -3240 - 4?
-3244
In base 16, what is -3 - 29?
-2c
In base 12, what is -3455 + 5?
-3450
In base 12, what is -4 - -55?
51
In base 2, what is 100110 - 110?
100000
In base 15, what is -13 + 0?
-13
In base 3, what is -10110 - 100?
-10210
In base 10, what is 3 - 55?
-52
In base 9, what is 463 + 17?
481
In base 4, what is -11 - -2120?
2103
In base 11, what is -389 + 2?
-387
In base 5, what is -21 + 22?
1
In base 13, what is -57 + 3c?
-18
In base 2, what is -100101100 - -1011?
-100100001
In base 11, what is -12 + 3?
-a
In base 2, what is -100 + -1001011?
-1001111
In base 3, what is 12 - -1020012?
1020101
In base 2, what is 11 - -11010110?
11011001
In base 2, what is 1010 - 111011001?
-111001111
In base 15, what is -d9 - -1a?
-be
In base 13, what is 4b + -4?
47
In base 6, what is 200 + -1150?
-550
In base 13, what is -1 + -a03?
-a04
In base 16, what is 6 - 2?
4
In base 9, what is 1 + 124?
125
In base 5, what is -11 + -2002?
-2013
In base 4, what is -10 + 12?
2
In base 15, what is -5 + -3eb?
-401
In base 4, what is 10 + -11031?
-11021
In base 11, what is -2 + 128?
126
In base 6, what is 5 - -1050?
1055
In base 9, what is 2 - 160?
-157
In base 3, what is -10111221 + 11?
-10111210
In base 11, what is -185 + 4?
-181
In base 2, what is -100 + -100100?
-101000
In base 6, what is 4 - 25143?
-25135
In base 11, what is -14 + -437?
-450
In base 14, what is 77 + 7?
80
In base 6, what is -545 - 2?
-551
In base 9, what is 1 - 66?
-65
In base 14, what is 3c - 0?
3c
In base 4, what is -321 + -13?
-1000
In base 3, what is 2001 - -212?
2220
In base 2, what is 101 - -10110101?
10111010
In base 2, what is 1100 + -11?
1001
In base 14, what is 5cb - -b?
5d8
In base 11, what is 1 - 1266?
-1265
In base 11, what is 33 - 50?
-18
In base 16, what is 5 - dd?
-d8
In base 16, what is -4 + 890?
88c
In base 5, what is 114 - -212?
331
In base 3, what is -22222 - 122?
-100121
In base 4, what is 13 + 0?
13
In base 7, what is 424 - -2?
426
In base 10, what is -488 - 0?
-488
In base 2, what is 1 + 10000000?
10000001
In base 14, what is -4 + b6?
b2
In base 15, what is -134 - 2?
-136
In base 15, what is 2 + 65?
67
In base 14, what is -4 + 6?
2
In base 10, what is -1 - -54?
53
In base 5, what is -4 + -323?
-332
In base 16, what is 10 - 1?
f
In base 8, what is -17 - 205?
-224
In base 7, what is -23 - 2?
-25
In base 8, what is -4 - 2142?
-2146
In base 3, what is -2010 + 20021?
11011
In base 12, what is 125 + -5?
120
In base 9, what is -4 + 3?
-1
In base 11, what is -141a - -5?
-1415
In base 9, what is -2603 + 3?
-2600
In base 3, what is -211 - -2020?
1102
In base 12, what is -2 - 1030?
-1032
In base 10, what is -562 - -5?
-557
In base 16, what is 1010 + -5?
100b
In base 7, what is -52 - -140?
55
In base 16, what is 2a - -30?
5a
In base 12, what is -2627 + 0?
-2627
In base 3, what is 2 + -10122?
-10120
In base 16, what is 5 - -79?
7e
In base 14, what is 0 - -5?
5
In base 14, what is -1b - -8?
-13
In base 7, what is -34 + 2506?
2442
In base 12, what is -190 - 2?
-192
In base 7, what is 1520 - -5?
1525
In base 3, what is -102 + -21?
-200
In base 16, what is 0 - 15?
-15
In base 12, what is -1 - 12?
-13
In base 11, what is -1 + -17?
-18
In base 13, what is a6 - -14?
ba
In base 7, what is -252 + 5?
-244
In base 14, what is 4 - -23?
27
In base 14, what is 11 - -14?
25
In base 6, what is 1053 + -4?
1045
In base 7, what is -5 + 26664?
26656
In base 6, what is 12 + 1242?
1254
In base 13, what is -4 + 201?
1ca
In base 3, what is 0 + -12120?
-12120
In base 9, what is 124 - -2?
126
In base 7, what is 0 + 3?
3
In base 3, what is -2111102 + 0?
-2111102
In base 10, what is -2 - 86?
-88
In base 12, what is -4 + -171?
-175
In base 9, what is -84 - -7?
-76
In base 11, what is -13a8 - -3?
-13a5
In base 4, what is -200 + 22?
-112
In base 8, what is 0 - 1067?
-1067
In base 12, what is 2 + -4b